{"id":84,"date":"2025-06-12T21:48:25","date_gmt":"2025-06-12T19:48:25","guid":{"rendered":"https:\/\/www.elisaganivet.com\/?page_id=84"},"modified":"2026-01-11T22:35:56","modified_gmt":"2026-01-11T21:35:56","slug":"management","status":"publish","type":"page","link":"https:\/\/www.elisaganivet.com\/index.php\/management\/","title":{"rendered":"Management"},"content":{"rendered":"\n<p><strong>Sr. Project Manager of the&nbsp;<\/strong><a href=\"https:\/\/web.archive.org\/web\/20240910082910\/https:\/www.adiaf.com\/en\/home\/\" target=\"_blank\" rel=\"noreferrer noopener\"><strong>ADIAF (Association for the International Diffusion of French Art) \u2013 Marcel Duchamp Prize.<\/strong><\/a><strong>&nbsp;<\/strong>Main functions: Marcel Duchamp Prize\u2019s organization &amp; monitoring, institutional and corporate relations, Stakeholders interface, Administration, Membership \u2013 Finance, Collectors\u2019 Program in France and abroad, Organization of the emergence grant<\/p>\n\n\n\n<p><strong><em>Prix Marcel Duchamp 2026<\/em><\/strong><\/p>\n\n\n\n<p>Artists: Jo\u00ebl Andrianomearisoa, David Brognon\u00a0et\u00a0St\u00e9phanie Rollin, Laura Henno, Jos\u00e8fa Ntjam<\/p>\n\n\n\n<p>International jury: Xavier Rey, Director of the National Museum of Modern Art, Centre Pompidou; Claude Bonnin, Collector, President of the ADIAF, Akemi Shiraha, Representative of the Marcel Duchamp Association; Fernando Arriola, Collector (Spain); Kader Attia, Artist (France); Berlinde De Bruyckere, Artist (Belgium); Karin Hindsbo, Director of Tate Modern (GB); Christophe Leribault; President of the Palace of Versailles, Marie-C\u00e9cile Zinzou, Collector (France, Benin)<\/p>\n\n\n\n<p>Duration:\u00a0\u00a0October 2, 2026 to February 14, 2027 \/ Institution: Mus\u00e9e d\u2019Art Moderne de la Ville de Paris in collaboration with the National Museum of Modern Art, Centre Pompidou, Paris \/ Curators: Odile Burluraux, Nicolas Liucci-Goutnikov<\/p>\n\n\n\n<p><strong><em>Prix Marcel Duchamp 2025<\/em><\/strong><\/p>\n\n\n\n<p>Artists: Bianca Bondi, Xie Lei (Laureate), Eva Nielsen, Lionel Sabatt\u00e9<\/p>\n\n\n\n<p>International jury: Xavier Rey, Director of the National Museum of Modern Art, Centre Pompidou; Claude Bonnin, Collector, President of the ADIAF, Akemi Shiraha, Representative of the Marcel Duchamp Association; Laurent Dumas, Collector (France); Fabrice Hergott, Director of the Mus\u00e9e d\u2019Art Moderne de la Ville de Paris; Ann Veronica Janssens, Artist (Belgium\/United Kingdom); Yan Pei-Ming, Artist (China\/France); Patrizia Sandretto Re Rebaudengo, Collector (Italy); Manuel Segade, Director of the Museo Nacional Centro de Arte Reina Sof\u00eda (Spain); Aur\u00e9lie Voltz, Director of the Museum of Contemporary Art of Saint-\u00c9tienne M\u00e9tropole (France)<\/p>\n\n\n\n<p>Duration:&nbsp;&nbsp;September 26, 2025 to February 22, 2026 \/ Institution: Mus\u00e9e d\u2019Art Moderne de la Ville de Paris in collaboration with the National Museum of Modern Art, Centre Pompidou, Paris \/ Curators: Jean-Pierre Criqui, Julia Garimorth<\/p>\n\n\n\n<p><strong><em>Prix Marcel Duchamp 2024<\/em><\/strong><\/p>\n\n\n\n<p>Artists: Abdelkader Benchamma, Ga\u00eblle Choisne (Laureate), Angela Detanico &amp; Rafael Lain, No\u00e9mie Goudal<\/p>\n\n\n\n<p>International jury: Xavier Rey, Director of the National Museum of Modern Art, Centre Pompidou; Claude Bonnin, Collector, President of the ADIAF, Akemi Shiraha, Representative of the Marcel Duchamp Association; Estelle Franc\u00e8s, Collector, co-founder and director of the Franc\u00e8s Foundation (France); Fr\u00e9d\u00e9rique Goerig-Hergott, Chief Curator, Director of Dijon Museums (France); Thomas Hirschhorn,&nbsp;Artist (Switzerland, lives in France); Glenn D. Lowry, The David Rockefeller, Director, MoMA (United States); Otobong Nkanga, Artist (Nigeria\/Belgium); Alain Servais, Collector (Belgium)<\/p>\n\n\n\n<p>Duration: October 2, 2024 to January 6, 2025 \/ Institution: National Museum of Modern Art, Centre Pompidou, Paris \/ Curator: Jeanne Brun<\/p>\n\n\n\n<p><strong><em>Prix Marcel Duchamp 2023<\/em><\/strong><\/p>\n\n\n\n<p>Artists: Bertille Bak, Bouchra Khalili, Tarik Kiswanson (Laureate), Massinissa Selmani<\/p>\n\n\n\n<p>International Jury: Xavier Rey, Director of the National Museum of Modern Art, Centre Pompidou, Paris; Claude Bonnin, Collector, President of the ADIAF; Akemi Shiraha, Representative of the Marcel Duchamp Association; Dr. Jimena Blasquez Abascal, Collector, Director of the Montenmedio Contemporary Foundation (Spain); Dr. Jos\u00e9e Gensollen, Collector, Collection Gensollen La Fabrique, Marseille (France); B\u00e9atrice Salmon, Director of the Centre national des arts plastiques, CNAP (France); Adam D. Weinberg, Director of the Whitney Museum of American Art (USA)<\/p>\n\n\n\n<p>Duration : October 4, 2023 to January 8, 2024 \/ Institution: National Museum of Modern Art, Centre Pompidou, Paris \/ Curator: Angela Lampe<\/p>\n\n\n\n<p><strong><em>Prix Marcel Duchamp 2022<\/em><\/strong><\/p>\n\n\n\n<p>Artists : Giulia Andreani, Iv\u00e1n Argote, Philippe Decrauzat, Mimosa Echard (Laureate)<\/p>\n\n\n\n<p>International Jury : Xavier Rey, Director of the National Museum of Modern Art, Centre Pompidou, Paris ; Claude Bonnin, Collector, President of the ADIAF ; Akemi Shiraha, Representative of the Marcel Duchamp Association ; Pedro Barbosa, Collector (Brazil) ; C\u00e9cile Debray, President of the Picasso national Museum, Paris (France) ; Elsy Lahner, Curator of the Albertina Museum, Vienna (Austria) ; Nathalie Mamane-Cohen, Collector (Paris)<\/p>\n\n\n\n<p>Duration: October 5, 2022 to January 2, 2023 \/ Institution: National Museum of Modern Art, Centre Pompidou, Paris \/ Curator: Aur\u00e9lie Verdier<\/p>\n\n\n\n<p><strong><em>Prix Marcel Duchamp 2021<\/em><\/strong><\/p>\n\n\n\n<p>Artists: Julian Charri\u00e8re, Isabelle Cornaro, Julien Creuzet, Lili Reynaud Dewar (Laureate)<\/p>\n\n\n\n<p>International Jury : Xavier Rey, Director of the National Museum of Modern Art ; Claude Bonnin, Collector, President of the ADIAF ; Akemi Shiraha, Representative of the Marcel Duchamp Association ; Leon Amitai, Collector, entrepreneur, Colombia ; Shalva Breus, Collector, Founder of the Breus Foundation and the Kandinsky Prize, Russia ; Emma Lavigne, President of the Palais de Tokyo, Paris ; Centre Pompidou ;&nbsp; Annabelle T\u00e9n\u00e8ze, Director of Abattoirs, Museum Frac Occitanie Toulouse<\/p>\n\n\n\n<p>Duration: October 6, 2020 to January 3, 2022 \/ Institution: National Museum of Modern Art, Centre Pompidou, Paris \/ Curator: Philippe Bettinelli<\/p>\n\n\n\n<hr class=\"wp-block-separator has-alpha-channel-opacity\"\/>\n\n\n\n<p><strong>Manager of international touring exhibitions with&nbsp;<a href=\"https:\/\/web.archive.org\/web\/20240910082910\/https:\/www.comediarting.it\/en\/home-eng\/\" target=\"_blank\" rel=\"noreferrer noopener\">ComediArting S.r.l.<\/a><\/strong><\/p>\n\n\n\n<p><strong>SELECTION:<\/strong><\/p>\n\n\n\n<p><strong><em>Dali Passionn\u00e9<\/em><\/strong><\/p>\n\n\n\n<p>This is a private Dali we present here. The two series: \u201cThe Divine Comedy\u201d and \u201cTristan and Isolde\u201d have the artist in a meditative way that does not change its surreal treatment.<\/p>\n\n\n\n<p>Works : 100 woodcuts + 21 lithographs \/ Duration : June 21 \u2013 September 21, 2008 \/ Institution : Palais B\u00e9n\u00e9dictine, F\u00e9camp, France \/ Curator : Dr. Rosa Perales, Stefano Ceccheto<\/p>\n\n\n\n<p><strong><em>Y las obras se hicieron tesoros, Arte precolombino<\/em><\/strong><\/p>\n\n\n\n<p>More than 50 centuries of culture are presented here, from 3500 BC to the time of the Spanish conquest in the sixteenth century. The works come from different geographical areas of Latin America: Mexico, Costa Rica, Colombia, Ecuador, Peru and Bolivia.<\/p>\n\n\n\n<p>This incredible collection of pre-Columbian art is absolutely unique in Europe. Around 200 pieces have been carefully selected from 3000, that has the Salinas collection La Piedra. This from Chile, is probably one of the largest private collections of pre-Columbian art in the world.<\/p>\n\n\n\n<p>Works : 204 \/ Duration : May 10 \u2013 September 2, 2007 \/ Institution : Centro Cultural Tomas y Valiente, Fuenlabrada, Spain \/ Curator : Varinia Varela Guarda, Luis Solar<\/p>\n\n\n\n<p><strong><em>Picasso, hommage au torero<\/em><\/strong><\/p>\n\n\n\n<p>The exhibition shows prints, drawings, ceramics and project bullfighting arena. Picasso realized them between the years 1956 and 1965 and offered them to the Dominguin-Bos\u00e9 family.&nbsp;Besides the artistic value of the on each of these works, They all have a special history. The warm and friendly aspect of Picasso is then unveiled.<\/p>\n\n\n\n<p>Works : 60 works from Bose-Domingu\u00edn\u2019s collection (34 ceramics, 10 drawings, 1 collage, 1 project bullring, 4 prints (plus 1 engraving plate), 5 lithographs, 3 original books)+ 26 aquatint of bullfighting series \/&nbsp;Duration : 24 April \u2013 30 June, 2007\/&nbsp;Institution : Quais Hennessy, Cognac, France \/&nbsp;Curator : Pablo J. Rico La Casa<\/p>\n\n\n\n<p><strong><em>Calder, la forma y el sue\u00f1o \/ Calder, a&nbsp;forma e o sonho<\/em><\/strong><\/p>\n\n\n\n<p>The exhibition presents an overview of the graphic works of Alexander Calder.&nbsp;It contains mainly a significant number of large gouaches, drawings and carpet, which shows a less known facet of the artist\u2019s work.<\/p>\n\n\n\n<p>Works : 95 (gouaches, drawings, carpet) in two separate spaces \/&nbsp;Duration : 29 November 2006 \u2013 28 January 2007 \/&nbsp;Institution : Centro Cultural Tomas y Valiente, Fuenlabrada, Spain \/&nbsp;Duration : December 6, 2006 \u2013 April 1, 2007 \/&nbsp;Institution : Funda\u00e7ao Eugenio de Almeida, Evora, Portugal \/&nbsp;Curator : Ma\u00efth\u00e9 Vall\u00e8s-Bled&nbsp;<\/p>\n\n\n\n<p><strong><em>Rembrandt : Una inspiraci\u00f3&nbsp;per a Goya<\/em><\/strong><\/p>\n\n\n\n<p>Rembrandt was considered the best etcher of all time. Goya is largely based. These engravings sarcastically transmit concerns that remain completely contemporary.<\/p>\n\n\n\n<p>Works : 148 etchings \/&nbsp;Duration : September 21 \u2013 December 21, 2006 \/&nbsp;Institution : Funda\u00e7ao Reig, Museo del tabacco, Andorra \/&nbsp;Curator : Stefano Cecchetto<\/p>\n\n\n\n<p><strong><em>Geishas and Samurais, UKYO-E<\/em><\/strong><\/p>\n\n\n\n<p>The presented works come from prestigious private collections. The exhibition is a unique opportunity to discover the meaning and origin of an ancient and noble civilization.<\/p>\n\n\n\n<p>Works : more than 200 (armor, woodcuts, jewelry, photos \u2026) \/&nbsp;Duration : 18 May \u2013 30 July, 2006 \/&nbsp;Institution : Centro cultural Tomas y Valiente, Fuenlabrada, Spain \/&nbsp;Curator : Pietro Gobbi<\/p>\n\n\n\n<p><strong><em>Mir\u00f3, el jard\u00edn de las maravillas<\/em><\/strong><\/p>\n\n\n\n<p>This exhibition shows the interest of Joan Mir\u00f3 in graphics.&nbsp;Here we admire his constant artistic research in connection with the sign, and his pleasure to experiment with different materials.<\/p>\n\n\n\n<p>Works : 186 lithographs \/ Duration : September 7 \u2013 November 19, 2006 \/ Institution : Centro cultural Tomas y Valiente, Fuenlabrada, Spain \/ Curator : Cristiano Isnardi<\/p>\n","protected":false},"excerpt":{"rendered":"<p>Sr. Project Manager of the&nbsp;ADIAF (Association for the International Diffusion of French Art) \u2013 Marcel Duchamp Prize.&nbsp;Main functions: Marcel Duchamp Prize\u2019s organization &amp; monitoring, institutional and corporate relations, Stakeholders interface, Administration, Membership \u2013 Finance, Collectors\u2019 Program in France and abroad, Organization of the emergence grant Prix Marcel Duchamp 2026 Artists: Jo\u00ebl Andrianomearisoa, David Brognon\u00a0et\u00a0St\u00e9phanie Rollin, [&hellip;]<\/p>\n","protected":false},"author":1,"featured_media":0,"parent":0,"menu_order":0,"comment_status":"closed","ping_status":"closed","template":"","meta":{"footnotes":""},"class_list":["post-84","page","type-page","status-publish","hentry","missing-thumbnail"],"_links":{"self":[{"href":"https:\/\/www.elisaganivet.com\/index.php\/wp-json\/wp\/v2\/pages\/84","targetHints":{"allow":["GET"]}}],"collection":[{"href":"https:\/\/www.elisaganivet.com\/index.php\/wp-json\/wp\/v2\/pages"}],"about":[{"href":"https:\/\/www.elisaganivet.com\/index.php\/wp-json\/wp\/v2\/types\/page"}],"author":[{"embeddable":true,"href":"https:\/\/www.elisaganivet.com\/index.php\/wp-json\/wp\/v2\/users\/1"}],"replies":[{"embeddable":true,"href":"https:\/\/www.elisaganivet.com\/index.php\/wp-json\/wp\/v2\/comments?post=84"}],"version-history":[{"count":4,"href":"https:\/\/www.elisaganivet.com\/index.php\/wp-json\/wp\/v2\/pages\/84\/revisions"}],"predecessor-version":[{"id":122,"href":"https:\/\/www.elisaganivet.com\/index.php\/wp-json\/wp\/v2\/pages\/84\/revisions\/122"}],"wp:attachment":[{"href":"https:\/\/www.elisaganivet.com\/index.php\/wp-json\/wp\/v2\/media?parent=84"}],"curies":[{"name":"wp","href":"https:\/\/api.w.org\/{rel}","templated":true}]}}